e hundred millions digit of 163690321?
1
What is the hundred thousands digit of 171352479?
3
What is the hundred millions digit of 2927972166?
9
What is the millions digit of 642057863?
2
What is the tens digit of 504838790?
9
What is the thousands digit of 41848310?
8
What is the thousands digit of 84589195?
9
What is the ten thousands digit of 160138474?
3
What is the hundreds digit of 382422168?
1
What is the ten thousands digit of 2770302143?
0
What is the ten thousands digit of 423458705?
5
What is the units digit of 757908917?
7
What is the millions digit of 1026721736?
6
What is the units digit of 479618060?
0
What is the hundreds digit of 164447860?
8
What is the units digit of 634848379?
9
What is the ten thousands digit of 39020492?
2
What is the ten millions digit of 69846703?
6
What is the hundreds digit of 494636646?
6
What is the units digit of 32297613?
3
What is the ten millions digit of 167406371?
6
What is the thousands digit of 271783122?
3
What is the hundreds digit of 176755800?
8
What is the ten millions digit of 57101851?
5
What is the hundred millions digit of 2174156030?
1
What is the ten thousands digit of 15254610?
5
What is the thousands digit of 288727871?
7
What is the thousands digit of 227281712?
1
What is the units digit of 109071523?
3
What is the millions digit of 47932071?
7
What is the units digit of 175551451?
1
What is the hundred thousands digit of 103254356?
2
What is the tens digit of 1687424985?
8
What is the tens digit of 20529645?
4
What is the units digit of 2460785979?
9
What is the hundred thousands digit of 30515687?
5
What is the hundreds digit of 2905340049?
0
What is the tens digit of 509590001?
0
What is the millions digit of 33715147?
3
What is the thousands digit of 3200245107?
5
What is the hundreds digit of 121941147?
1
What is the units digit of 51182782?
2
What is the hundred thousands digit of 41063393?
0
What is the ten thousands digit of 13351676?
5
What is the units digit of 909485559?
9
What is the thousands digit of 37835529?
5
What is the millions digit of 323186915?
3
What is the hundreds digit of 269657384?
3
What is the billions digit of 1920026030?
1
What is the hundred thousands digit of 30979363?
9
What is the thousands digit of 34285842?
5
What is the ten millions digit of 10037554?
1
What is the millions digit of 305964081?
5
What is the millions digit of 1013267464?
3
What is the hundred thousands digit of 19013140?
0
What is the thousands digit of 74641357?
1
What is the ten thousands digit of 727347836?
4
What is the hundred millions digit of 105117026?
1
What is the hundred millions digit of 261290568?
2
What is the millions digit of 545708201?
5
What is the thousands digit of 1264127777?
7
What is the tens digit of 122160229?
2
What is the hundreds digit of 32199184?
1
What is the hundred millions digit of 371553779?
3
What is the millions digit of 363854097?
3
What is the hundred thousands digit of 687303422?
3
What is the hundred millions digit of 633786064?
6
What is the ten thousands digit of 84319606?
1
What is the units digit of 95712641?
1
What is the millions digit of 1175884419?
5
What is the hundreds digit of 56132181?
1
What is the thousands digit of 1477728568?
8
What is the hundred thousands digit of 9165894?
1
What is the units digit of 3316294952?
2
What is the units digit of 345106608?
8
What is the units digit of 589284385?
5
What is the ten thousands digit of 186568798?
6
What is the ten thousands digit of 3793151194?
5
What is the millions digit of 26569445?
6
What is the millions digit of 78478989?
8
What is the thousands digit of 200970585?
0
What is the hundred millions digit of 1969861849?
9
What is the hundred thousands digit of 35846876?
8
What is the hundred thousands digit of 86048649?
0
What is the ten millions digit of 49930216?
4
What is the thousands digit of 2727668504?
8
What is the billions digit of 1756274836?
1
What is the millions digit of 683168859?
3
What is the thousands digit of 9255127830?
7
What is the tens digit of 2883151699?
9
What is the millions digit of 8779310226?
9
What is the units digit of 43704117?
7
What is the ten millions digit of 36388402?
3
What is the thousands digit of 540317314?
7
What is the units digit of 1021025226?
6
What is the ten thousands digit of 1235437220?
3
What is the hundreds digit of 48378494?
4
What is the units digit of 1158699177?
7
What is the thousands digit of 31002635?
2
What is the ten millions digit of 98090645?
9
What is the hundreds digit of 1776894883?
8
What is the hundred thousands digit of 3869570177?
5
What is the ten millions digit of 79709731?
7
What is the millions digit of 635916818?
5
What is the hundred thousands digit of 958566779?
5
What is the hundreds digit of 647267812?
8
What is the hundred thousands digit of 144614620?
6
What is the billions digit of 5538169404?
5
What is the millions digit of 38081167?
8
What is the hundred thousands digit of 22832460?
8
What is the hundred thousands digit of 155322915?
3
What is the hundreds digit of 1276010275?
2
What is the ten thousands digit of 3962836638?
3
What is the hundreds digit of 291467490?
4
What is the tens digit of 36188971?
7
What is the ten millions digit of 63859271?
6
What is the tens digit of 44577661?
6
What is the ten millions digit of 32853364?
3
What is the units digit of 58566298?
8
What is the ten thousands digit of 54668440?
6
What is the units digit of 48448219?
9
What is the hundreds digit of 20339165?
1
What is the billions digit of 2263025026?
2
What is the hundred millions digit of 2475475585?
4
What is the ten thousands digit of 70082274?
8
What is the hundred millions digit of 781783720?
7
What is the ten millions digit of 511717093?
1
What is the units digit of 19524700?
0
What is the hundred thousands digit of 17930413?
9
What is the thousands digit of 25945801?
5
What is the units digit of 306591854?
4
What is the hundred thousands digit of 657909329?
9
What is the thousands digit of 7752399356?
9
What is the millions digit of 522343655?
2
What is the units digit of 228431377?
7
What is the thousands digit of 128020480?
0
What is the hundred thousands digit of 623667962?
6
What is the hundred millions digit of 127125653?
1
What is the ten millions digit of 106816357?
0
What is the ten thousands digit of 2837619132?
1
What is the ten millions digit of 1755133112?
5
What is the thousands digit of 3303654112?
4
What is the ten millions digit of 67136209?
6
What is the units digit of 81058890?
0
What is the hundreds digit of 2600174917?
9
What is the tens digit of 203851625?
2
What is the hundred millions digit of 2308835619?
3
What is the units digit of 1844661757?
7
What is the hundreds digit of 4040701772?
7
What is the hundred thousands digit of 62793314?
7
What is the hundred millions digit of 221354416?
2
What is the ten millions digit of 2860683825?
6
What is the millions digit of 1607132671?
7
What is the ten thousands digit of 253563731?
6
What is the hundreds digit of 1208704104?
1
What is the hundred thousands digit of 100752903?
7
What is the billions digit of 2080468147?
2
What is the ten thousands digit of 146357958?
5
What is the thousands digit of 3618685398?
5
What is the millions digit of 148769144?
8
What is the thousands digit of 160847879?
7
What is the billions digit of 2876356597?
2
What is the hundreds digit of 4937071223?
2
What is the ten millions digit of 148015163?
4
What is the units digit of 98140756?
6
What is the units digit of 99167217?
7
What is the units digit of 177132616?
6
What is the hundred thousands digit of 75806982?
8
What is the ten thousands digit of 319364302?
6
What is the hundreds digit of 216704480?
4
What is the millions digit of 2013493536?
3
What is the units digit of 150056455?
5
What is the hundreds digit of 84148556?
5
What is the millions digit of 4175518556?
5
What is the hundred thousands digit of 23656976?
6
What is the units digit of 631362881?
1
What is the tens digit of 1931320661?
6
What is the millions digit of 47193994?
7
What is the tens digit of 26984603?
0
What is the ten millions digit of 482555225?
8
What is the millions digit of 1483043296?
3
What is the hundred millions digit of 665445794?
6
What is the hundred million